{"id":1922,"date":"2025-02-03T09:09:05","date_gmt":"2025-02-03T08:09:05","guid":{"rendered":"https:\/\/stichtingdiva.nl\/?page_id=1922"},"modified":"2025-02-03T14:18:25","modified_gmt":"2025-02-03T13:18:25","slug":"wintersport-de","status":"publish","type":"page","link":"https:\/\/hanninkhof.de\/?page_id=1922&lang=de","title":{"rendered":"Wintersport DE"},"content":{"rendered":"\t\t<div data-elementor-type=\"wp-page\" data-elementor-id=\"1922\" class=\"elementor elementor-1922\">\n\t\t\t\t<div class=\"elementor-element elementor-element-ec999c2 e-flex e-con-boxed e-con e-parent\" data-id=\"ec999c2\" data-element_type=\"container\" data-e-type=\"container\">\n\t\t\t\t\t<div class=\"e-con-inner\">\n\t\t\t\t\t<\/div>\n\t\t\t\t<\/div>\n\t\t<div class=\"elementor-element elementor-element-0462462 e-flex e-con-boxed e-con e-parent\" data-id=\"0462462\" data-element_type=\"container\" data-e-type=\"container\">\n\t\t\t\t\t<div class=\"e-con-inner\">\n\t\t\t\t<div class=\"elementor-element elementor-element-4d3d0b8 elementor-widget elementor-widget-text-editor\" data-id=\"4d3d0b8\" data-element_type=\"widget\" data-e-type=\"widget\" data-widget_type=\"text-editor.default\">\n\t\t\t\t<div class=\"elementor-widget-container\">\n\t\t\t\t\t\t\t\t\t<h4><span style=\"color: #003300;\">Wintersport auf der Wasserkuppe<\/span><\/h4><p><span style=\"color: #008000;\">Auf der Wasserkuppe ist Sommer wie Winter einiges los.<\/span><br \/><span style=\"color: #008000;\">Im Winter verwandelt sich die Wasserkuppe in eine M\u00e4rchenlandschaft, in der verschiedene Wintersportarten ausge\u00fcbt werden k\u00f6nnen. Au\u00dferdem besteht die M\u00f6glichkeit Skifahren, Langlaufen, Snowkiten zu lernen oder einfach nur Spa\u00df beim Wandern oder Rodeln zu haben.<\/span><br \/><span style=\"color: #008000;\">F\u00fcr jeden etwas dabei. An verschiedenen Abenden sind die Skilifte mit Abendbeleuchtung ge\u00f6ffnet. Auf der Wasserkuppe besteht die M\u00f6glichkeit, eine Skiausr\u00fcstung auszuleihen. Verschiedene kleine L\u00e4den verkaufen alles M\u00f6gliche, auch etwas zum Essen und Trinken kan mann hier Bekommen. Ein Erlebnis f\u00fcr die ganze Familie.<\/span><br \/><span style=\"color: #008000;\">Nachfolgend ein Eindruck der Wasserkuppe im Winter.<\/span><\/p><p><span style=\"color: #008000;\"><strong>\u00a0<\/strong><\/span><\/p>\t\t\t\t\t\t\t\t<\/div>\n\t\t\t\t<\/div>\n\t\t\t\t\t<\/div>\n\t\t\t\t<\/div>\n\t\t<div class=\"elementor-element elementor-element-b9cd8ae e-con-full e-flex e-con e-parent\" data-id=\"b9cd8ae\" data-element_type=\"container\" data-e-type=\"container\">\n\t\t\t\t<div class=\"elementor-element elementor-element-7728bba elementor-widget__width-initial elementor-widget elementor-widget-video\" data-id=\"7728bba\" data-element_type=\"widget\" data-e-type=\"widget\" data-settings=\"{&quot;youtube_url&quot;:&quot;https:\\\/\\\/www.youtube.com\\\/watch?v=YFsFDnxHgDk&quot;,&quot;autoplay&quot;:&quot;yes&quot;,&quot;play_on_mobile&quot;:&quot;yes&quot;,&quot;mute&quot;:&quot;yes&quot;,&quot;loop&quot;:&quot;yes&quot;,&quot;video_type&quot;:&quot;youtube&quot;,&quot;controls&quot;:&quot;yes&quot;}\" data-widget_type=\"video.default\">\n\t\t\t\t<div class=\"elementor-widget-container\">\n\t\t\t\t\t\t\t<div class=\"elementor-wrapper elementor-open-inline\">\n\t\t\t<div class=\"elementor-video\"><\/div>\t\t<\/div>\n\t\t\t\t\t\t<\/div>\n\t\t\t\t<\/div>\n\t\t\t\t<div class=\"elementor-element elementor-element-4e29a50 elementor-widget__width-initial elementor-widget elementor-widget-video\" data-id=\"4e29a50\" data-element_type=\"widget\" data-e-type=\"widget\" data-settings=\"{&quot;youtube_url&quot;:&quot;https:\\\/\\\/www.youtube.com\\\/watch?v=SAqtyVaXtNY&quot;,&quot;autoplay&quot;:&quot;yes&quot;,&quot;play_on_mobile&quot;:&quot;yes&quot;,&quot;mute&quot;:&quot;yes&quot;,&quot;loop&quot;:&quot;yes&quot;,&quot;video_type&quot;:&quot;youtube&quot;,&quot;controls&quot;:&quot;yes&quot;}\" data-widget_type=\"video.default\">\n\t\t\t\t<div class=\"elementor-widget-container\">\n\t\t\t\t\t\t\t<div class=\"elementor-wrapper elementor-open-inline\">\n\t\t\t<div class=\"elementor-video\"><\/div>\t\t<\/div>\n\t\t\t\t\t\t<\/div>\n\t\t\t\t<\/div>\n\t\t\t\t<div class=\"elementor-element elementor-element-193fee4 elementor-widget__width-initial elementor-widget elementor-widget-video\" data-id=\"193fee4\" data-element_type=\"widget\" data-e-type=\"widget\" data-settings=\"{&quot;youtube_url&quot;:&quot;https:\\\/\\\/www.youtube.com\\\/watch?v=QRgdG2eyBHE&quot;,&quot;autoplay&quot;:&quot;yes&quot;,&quot;play_on_mobile&quot;:&quot;yes&quot;,&quot;mute&quot;:&quot;yes&quot;,&quot;loop&quot;:&quot;yes&quot;,&quot;video_type&quot;:&quot;youtube&quot;,&quot;controls&quot;:&quot;yes&quot;}\" data-widget_type=\"video.default\">\n\t\t\t\t<div class=\"elementor-widget-container\">\n\t\t\t\t\t\t\t<div class=\"elementor-wrapper elementor-open-inline\">\n\t\t\t<div class=\"elementor-video\"><\/div>\t\t<\/div>\n\t\t\t\t\t\t<\/div>\n\t\t\t\t<\/div>\n\t\t\t\t<\/div>\n\t\t\t\t<\/div>\n\t\t","protected":false},"excerpt":{"rendered":"<p>Wintersport auf der Wasserkuppe Auf der Wasserkuppe ist Sommer wie Winter einiges los.Im Winter verwandelt sich die Wasserkuppe in eine M\u00e4rchenlandschaft, in der verschiedene Wintersportarten ausge\u00fcbt werden k\u00f6nnen. Au\u00dferdem besteht die M\u00f6glichkeit Skifahren, Langlaufen, Snowkiten zu lernen oder einfach nur Spa\u00df beim Wandern oder Rodeln zu haben.F\u00fcr jeden etwas dabei. An verschiedenen Abenden sind die [&hellip;]<\/p>\n","protected":false},"author":2,"featured_media":0,"parent":0,"menu_order":0,"comment_status":"closed","ping_status":"closed","template":"","meta":{"footnotes":""},"class_list":["post-1922","page","type-page","status-publish","hentry"],"blocksy_meta":[],"_links":{"self":[{"href":"https:\/\/hanninkhof.de\/index.php?rest_route=\/wp\/v2\/pages\/1922","targetHints":{"allow":["GET"]}}],"collection":[{"href":"https:\/\/hanninkhof.de\/index.php?rest_route=\/wp\/v2\/pages"}],"about":[{"href":"https:\/\/hanninkhof.de\/index.php?rest_route=\/wp\/v2\/types\/page"}],"author":[{"embeddable":true,"href":"https:\/\/hanninkhof.de\/index.php?rest_route=\/wp\/v2\/users\/2"}],"replies":[{"embeddable":true,"href":"https:\/\/hanninkhof.de\/index.php?rest_route=%2Fwp%2Fv2%2Fcomments&post=1922"}],"version-history":[{"count":0,"href":"https:\/\/hanninkhof.de\/index.php?rest_route=\/wp\/v2\/pages\/1922\/revisions"}],"wp:attachment":[{"href":"https:\/\/hanninkhof.de\/index.php?rest_route=%2Fwp%2Fv2%2Fmedia&parent=1922"}],"curies":[{"name":"wp","href":"https:\/\/api.w.org\/{rel}","templated":true}]}}